{"version":"1.0","provider_name":"Novice.si","provider_url":"https:\/\/novice.si\/page","title":"Tudi na Keblju odlo\u010den NE vetrnicam na Pohorju - Novice.si","type":"rich","width":600,"height":338,"html":"<blockquote class=\"wp-embedded-content\" data-secret=\"QNRuA1dI7Q\"><a href=\"https:\/\/novice.si\/page\/tudi-na-keblju-odlocen-ne-vetrnicam-na-pohorju\/\">Tudi na Keblju odlo\u010den NE vetrnicam na Pohorju<\/a><\/blockquote><iframe sandbox=\"allow-scripts\" security=\"restricted\" src=\"https:\/\/novice.si\/page\/tudi-na-keblju-odlocen-ne-vetrnicam-na-pohorju\/embed\/#?secret=QNRuA1dI7Q\" width=\"600\" height=\"338\" title=\"&#8220;Tudi na Keblju odlo\u010den NE vetrnicam na Pohorju&#8221; &#8212; Novice.si\" data-secret=\"QNRuA1dI7Q\" frameborder=\"0\" marginwidth=\"0\" marginheight=\"0\" scrolling=\"no\" class=\"wp-embedded-content\"><\/iframe><script type=\"text\/javascript\">\n\/* <![CDATA[ *\/\n\/*! This file is auto-generated *\/\n!function(d,l){\"use strict\";l.querySelector&&d.addEventListener&&\"undefined\"!=typeof URL&&(d.wp=d.wp||{},d.wp.receiveEmbedMessage||(d.wp.receiveEmbedMessage=function(e){var t=e.data;if((t||t.secret||t.message||t.value)&&!\/[^a-zA-Z0-9]\/.test(t.secret)){for(var s,r,n,a=l.querySelectorAll('iframe[data-secret=\"'+t.secret+'\"]'),o=l.querySelectorAll('blockquote[data-secret=\"'+t.secret+'\"]'),c=new RegExp(\"^https?:$\",\"i\"),i=0;i<o.length;i++)o[i].style.display=\"none\";for(i=0;i<a.length;i++)s=a[i],e.source===s.contentWindow&&(s.removeAttribute(\"style\"),\"height\"===t.message?(1e3<(r=parseInt(t.value,10))?r=1e3:~~r<200&&(r=200),s.height=r):\"link\"===t.message&&(r=new URL(s.getAttribute(\"src\")),n=new URL(t.value),c.test(n.protocol))&&n.host===r.host&&l.activeElement===s&&(d.top.location.href=t.value))}},d.addEventListener(\"message\",d.wp.receiveEmbedMessage,!1),l.addEventListener(\"DOMContentLoaded\",function(){for(var e,t,s=l.querySelectorAll(\"iframe.wp-embedded-content\"),r=0;r<s.length;r++)(t=(e=s[r]).getAttribute(\"data-secret\"))||(t=Math.random().toString(36).substring(2,12),e.src+=\"#?secret=\"+t,e.setAttribute(\"data-secret\",t)),e.contentWindow.postMessage({message:\"ready\",secret:t},\"*\")},!1)))}(window,document);\n\/\/# sourceURL=https:\/\/novice.si\/page\/wp-includes\/js\/wp-embed.min.js\n\/* ]]> *\/\n<\/script>\n","thumbnail_url":"https:\/\/novice.si\/page\/wp-content\/uploads\/2023\/10\/IMG_8986_2.jpg","thumbnail_width":933,"thumbnail_height":700,"description":"Tudi krajani Keblja so se v\u010deraj, 8. oktobra, na zboru krajanov izrekli proti vetrnim elektrarnam na Pohorju. In to soglasno. Predstavniki investitorjev, podjetja Energija na veter, so na zboru predstavili na\u010drtovani projekt. A na Keblju tovrstne nalo\u017ebe ne \u017eelijo. \u00bbNa glasovanju smo bili soglasni, izrekli smo se proti vetrnicam in sprejeli smo sklep, da izrecno [&hellip;]"}

Tudi na Keblju odločen NE vetrnicam na Pohorju - Novice.si

<blockquote class="wp-embedded-content" data-secret="QNRuA1dI7Q"><a href="https://novice.si/page/tudi-na-keblju-odlocen-ne-vetrnicam-na-pohorju/">Tudi na Keblju odločen NE vetrnicam na Pohorju</a></blockquote><iframe sandbox="allow-scripts" security="restricted" src="https://novice.si/page/tudi-na-keblju-odlocen-ne-vetrnicam-na-pohorju/embed/#?secret=QNRuA1dI7Q" width="600" height="338" title="&#8220;Tudi na Keblju odločen NE vetrnicam na Pohorju&#8221; &#8212; Novice.si" data-secret="QNRuA1dI7Q" frameborder="0" marginwidth="0" marginheight="0" scrolling="no" class="wp-embedded-content"></iframe><script type="text/javascript">
/* <![CDATA[ */
/*! This file is auto-generated */
!function(d,l){"use strict";l.querySelector&&d.addEventListener&&"undefined"!=typeof URL&&(d.wp=d.wp||{},d.wp.receiveEmbedMessage||(d.wp.receiveEmbedMessage=function(e){var t=e.data;if((t||t.secret||t.message||t.value)&&!/[^a-zA-Z0-9]/.test(t.secret)){for(var s,r,n,a=l.querySelectorAll('iframe[data-secret="'+t.secret+'"]'),o=l.querySelectorAll('blockquote[data-secret="'+t.secret+'"]'),c=new RegExp("^https?:$","i"),i=0;i<o.length;i++)o[i].style.display="none";for(i=0;i<a.length;i++)s=a[i],e.source===s.contentWindow&&(s.removeAttribute("style"),"height"===t.message?(1e3<(r=parseInt(t.value,10))?r=1e3:~~r<200&&(r=200),s.height=r):"link"===t.message&&(r=new URL(s.getAttribute("src")),n=new URL(t.value),c.test(n.protocol))&&n.host===r.host&&l.activeElement===s&&(d.top.location.href=t.value))}},d.addEventListener("message",d.wp.receiveEmbedMessage,!1),l.addEventListener("DOMContentLoaded",function(){for(var e,t,s=l.querySelectorAll("iframe.wp-embedded-content"),r=0;r<s.length;r++)(t=(e=s[r]).getAttribute("data-secret"))||(t=Math.random().toString(36).substring(2,12),e.src+="#?secret="+t,e.setAttribute("data-secret",t)),e.contentWindow.postMessage({message:"ready",secret:t},"*")},!1)))}(window,document);
//# sourceURL=https://novice.si/page/wp-includes/js/wp-embed.min.js
/* ]]> */
</script>

Tudi krajani Keblja so se včeraj, 8. oktobra, na zboru krajanov izrekli proti vetrnim elektrarnam na Pohorju. In to soglasno. Predstavniki investitorjev, podjetja Energija na veter, so na zboru predstavili načrtovani projekt. A na Keblju tovrstne naložbe ne želijo. »Na glasovanju smo bili soglasni, izrekli smo se proti vetrnicam in sprejeli smo sklep, da izrecno [&hellip;]
