{"version":"1.0","provider_name":"Novice.si","provider_url":"https:\/\/novice.si\/page","title":"Radio Rogla, navdihnjen s poezijo Ivana Minattija - Novice.si","type":"rich","width":600,"height":338,"html":"<blockquote class=\"wp-embedded-content\" data-secret=\"KdhS2OyRvH\"><a href=\"https:\/\/novice.si\/page\/radio-rogla-navdihnjen-s-poezijo-ivana-minattija\/\">Radio Rogla, navdihnjen s poezijo Ivana Minattija<\/a><\/blockquote><iframe sandbox=\"allow-scripts\" security=\"restricted\" src=\"https:\/\/novice.si\/page\/radio-rogla-navdihnjen-s-poezijo-ivana-minattija\/embed\/#?secret=KdhS2OyRvH\" width=\"600\" height=\"338\" title=\"&#8220;Radio Rogla, navdihnjen s poezijo Ivana Minattija&#8221; &#8212; Novice.si\" data-secret=\"KdhS2OyRvH\" frameborder=\"0\" marginwidth=\"0\" marginheight=\"0\" scrolling=\"no\" class=\"wp-embedded-content\"><\/iframe><script type=\"text\/javascript\">\n\/* <![CDATA[ *\/\n\/*! This file is auto-generated *\/\n!function(d,l){\"use strict\";l.querySelector&&d.addEventListener&&\"undefined\"!=typeof URL&&(d.wp=d.wp||{},d.wp.receiveEmbedMessage||(d.wp.receiveEmbedMessage=function(e){var t=e.data;if((t||t.secret||t.message||t.value)&&!\/[^a-zA-Z0-9]\/.test(t.secret)){for(var s,r,n,a=l.querySelectorAll('iframe[data-secret=\"'+t.secret+'\"]'),o=l.querySelectorAll('blockquote[data-secret=\"'+t.secret+'\"]'),c=new RegExp(\"^https?:$\",\"i\"),i=0;i<o.length;i++)o[i].style.display=\"none\";for(i=0;i<a.length;i++)s=a[i],e.source===s.contentWindow&&(s.removeAttribute(\"style\"),\"height\"===t.message?(1e3<(r=parseInt(t.value,10))?r=1e3:~~r<200&&(r=200),s.height=r):\"link\"===t.message&&(r=new URL(s.getAttribute(\"src\")),n=new URL(t.value),c.test(n.protocol))&&n.host===r.host&&l.activeElement===s&&(d.top.location.href=t.value))}},d.addEventListener(\"message\",d.wp.receiveEmbedMessage,!1),l.addEventListener(\"DOMContentLoaded\",function(){for(var e,t,s=l.querySelectorAll(\"iframe.wp-embedded-content\"),r=0;r<s.length;r++)(t=(e=s[r]).getAttribute(\"data-secret\"))||(t=Math.random().toString(36).substring(2,12),e.src+=\"#?secret=\"+t,e.setAttribute(\"data-secret\",t)),e.contentWindow.postMessage({message:\"ready\",secret:t},\"*\")},!1)))}(window,document);\n\/\/# sourceURL=https:\/\/novice.si\/page\/wp-includes\/js\/wp-embed.min.js\n\/* ]]> *\/\n<\/script>\n","thumbnail_url":"https:\/\/novice.si\/page\/wp-content\/uploads\/2019\/09\/minatti-pot-1024x683.jpg","thumbnail_width":1024,"thumbnail_height":683,"description":"Na Radiu Rogla v jesen stopajo s \u0161tevilnimi novimi radijskimi vsebinami. Med njimi so tudi minute, navdihnjene s poezijo Ivana Minattija.\u00a0 Vsak dan v tednu na Radiu Rogla nekaj \u010dasa namenjajo vsebinam s podro\u010dja kulture, med njimi so tudi Minattijeve minute. Torkovi dopoldnevi so z vsebinami iz Minattijeve knjigobe\u017enice, ki so jo pred leti uredili [&hellip;]"}

Na Radiu Rogla v jesen stopajo s številnimi novimi radijskimi vsebinami. Med njimi so tudi minute, navdihnjene s poezijo Ivana Minattija.  Vsak dan v tednu na Radiu Rogla nekaj časa namenjajo vsebinam s področja kulture, med njimi so tudi Minattijeve minute. Torkovi dopoldnevi so z vsebinami iz Minattijeve knjigobežnice, ki so jo pred leti uredili [&hellip;]
