{"version":"1.0","provider_name":"Novice.si","provider_url":"https:\/\/novice.si\/page","title":"Od maja vi\u0161je cene programov Vrtca Slovenske Konjice - Novice.si","type":"rich","width":600,"height":338,"html":"<blockquote class=\"wp-embedded-content\" data-secret=\"jCAfwS0JaA\"><a href=\"https:\/\/novice.si\/page\/od-maja-visje-cene-programov-vrtca-slovenske-konjice\/\">Od maja vi\u0161je cene programov Vrtca Slovenske Konjice<\/a><\/blockquote><iframe sandbox=\"allow-scripts\" security=\"restricted\" src=\"https:\/\/novice.si\/page\/od-maja-visje-cene-programov-vrtca-slovenske-konjice\/embed\/#?secret=jCAfwS0JaA\" width=\"600\" height=\"338\" title=\"&#8220;Od maja vi\u0161je cene programov Vrtca Slovenske Konjice&#8221; &#8212; Novice.si\" data-secret=\"jCAfwS0JaA\" frameborder=\"0\" marginwidth=\"0\" marginheight=\"0\" scrolling=\"no\" class=\"wp-embedded-content\"><\/iframe><script type=\"text\/javascript\">\n\/* <![CDATA[ *\/\n\/*! This file is auto-generated *\/\n!function(d,l){\"use strict\";l.querySelector&&d.addEventListener&&\"undefined\"!=typeof URL&&(d.wp=d.wp||{},d.wp.receiveEmbedMessage||(d.wp.receiveEmbedMessage=function(e){var t=e.data;if((t||t.secret||t.message||t.value)&&!\/[^a-zA-Z0-9]\/.test(t.secret)){for(var s,r,n,a=l.querySelectorAll('iframe[data-secret=\"'+t.secret+'\"]'),o=l.querySelectorAll('blockquote[data-secret=\"'+t.secret+'\"]'),c=new RegExp(\"^https?:$\",\"i\"),i=0;i<o.length;i++)o[i].style.display=\"none\";for(i=0;i<a.length;i++)s=a[i],e.source===s.contentWindow&&(s.removeAttribute(\"style\"),\"height\"===t.message?(1e3<(r=parseInt(t.value,10))?r=1e3:~~r<200&&(r=200),s.height=r):\"link\"===t.message&&(r=new URL(s.getAttribute(\"src\")),n=new URL(t.value),c.test(n.protocol))&&n.host===r.host&&l.activeElement===s&&(d.top.location.href=t.value))}},d.addEventListener(\"message\",d.wp.receiveEmbedMessage,!1),l.addEventListener(\"DOMContentLoaded\",function(){for(var e,t,s=l.querySelectorAll(\"iframe.wp-embedded-content\"),r=0;r<s.length;r++)(t=(e=s[r]).getAttribute(\"data-secret\"))||(t=Math.random().toString(36).substring(2,12),e.src+=\"#?secret=\"+t,e.setAttribute(\"data-secret\",t)),e.contentWindow.postMessage({message:\"ready\",secret:t},\"*\")},!1)))}(window,document);\n\/\/# sourceURL=https:\/\/novice.si\/page\/wp-includes\/js\/wp-embed.min.js\n\/* ]]> *\/\n<\/script>\n","thumbnail_url":"https:\/\/novice.si\/page\/wp-content\/uploads\/2023\/04\/vrtec-konjice-2023_resize.jpg","thumbnail_width":800,"thumbnail_height":600,"description":"S 1. majem bodo za\u010dele veljati nove cene programov Vrtca Slovenske Konjice. Te bodo za dobrih 10 odstotkov vi\u0161je od sedanjih, potrdili pa so jih na seji ob\u010dinskega sveta. Sprejeli so tudi, da bodo z leto\u0161njim decembrom cene dvignili \u0161e za slaba 2 odstotka. Do nove podra\u017eitve je torej pri\u0161lo natanko eno leto po zadnji [&hellip;]"}

Od maja višje cene programov Vrtca Slovenske Konjice - Novice.si

<blockquote class="wp-embedded-content" data-secret="jCAfwS0JaA"><a href="https://novice.si/page/od-maja-visje-cene-programov-vrtca-slovenske-konjice/">Od maja višje cene programov Vrtca Slovenske Konjice</a></blockquote><iframe sandbox="allow-scripts" security="restricted" src="https://novice.si/page/od-maja-visje-cene-programov-vrtca-slovenske-konjice/embed/#?secret=jCAfwS0JaA" width="600" height="338" title="&#8220;Od maja višje cene programov Vrtca Slovenske Konjice&#8221; &#8212; Novice.si" data-secret="jCAfwS0JaA" frameborder="0" marginwidth="0" marginheight="0" scrolling="no" class="wp-embedded-content"></iframe><script type="text/javascript">
/* <![CDATA[ */
/*! This file is auto-generated */
!function(d,l){"use strict";l.querySelector&&d.addEventListener&&"undefined"!=typeof URL&&(d.wp=d.wp||{},d.wp.receiveEmbedMessage||(d.wp.receiveEmbedMessage=function(e){var t=e.data;if((t||t.secret||t.message||t.value)&&!/[^a-zA-Z0-9]/.test(t.secret)){for(var s,r,n,a=l.querySelectorAll('iframe[data-secret="'+t.secret+'"]'),o=l.querySelectorAll('blockquote[data-secret="'+t.secret+'"]'),c=new RegExp("^https?:$","i"),i=0;i<o.length;i++)o[i].style.display="none";for(i=0;i<a.length;i++)s=a[i],e.source===s.contentWindow&&(s.removeAttribute("style"),"height"===t.message?(1e3<(r=parseInt(t.value,10))?r=1e3:~~r<200&&(r=200),s.height=r):"link"===t.message&&(r=new URL(s.getAttribute("src")),n=new URL(t.value),c.test(n.protocol))&&n.host===r.host&&l.activeElement===s&&(d.top.location.href=t.value))}},d.addEventListener("message",d.wp.receiveEmbedMessage,!1),l.addEventListener("DOMContentLoaded",function(){for(var e,t,s=l.querySelectorAll("iframe.wp-embedded-content"),r=0;r<s.length;r++)(t=(e=s[r]).getAttribute("data-secret"))||(t=Math.random().toString(36).substring(2,12),e.src+="#?secret="+t,e.setAttribute("data-secret",t)),e.contentWindow.postMessage({message:"ready",secret:t},"*")},!1)))}(window,document);
//# sourceURL=https://novice.si/page/wp-includes/js/wp-embed.min.js
/* ]]> */
</script>

S 1. majem bodo začele veljati nove cene programov Vrtca Slovenske Konjice. Te bodo za dobrih 10 odstotkov višje od sedanjih, potrdili pa so jih na seji občinskega sveta. Sprejeli so tudi, da bodo z letošnjim decembrom cene dvignili še za slaba 2 odstotka. Do nove podražitve je torej prišlo natanko eno leto po zadnji [&hellip;]
