{"version":"1.0","provider_name":"Novice.si","provider_url":"https:\/\/novice.si\/page","title":"Na Bistri\u0161kem izbirajo Naj osebnost leta 2022 - Novice.si","type":"rich","width":600,"height":338,"html":"<blockquote class=\"wp-embedded-content\" data-secret=\"TWKNwtvYcW\"><a href=\"https:\/\/novice.si\/page\/na-bistriskem-izbirajo-naj-osebnost-leta-2022\/\">Na Bistri\u0161kem izbirajo Naj osebnost leta 2022<\/a><\/blockquote><iframe sandbox=\"allow-scripts\" security=\"restricted\" src=\"https:\/\/novice.si\/page\/na-bistriskem-izbirajo-naj-osebnost-leta-2022\/embed\/#?secret=TWKNwtvYcW\" width=\"600\" height=\"338\" title=\"&#8220;Na Bistri\u0161kem izbirajo Naj osebnost leta 2022&#8221; &#8212; Novice.si\" data-secret=\"TWKNwtvYcW\" frameborder=\"0\" marginwidth=\"0\" marginheight=\"0\" scrolling=\"no\" class=\"wp-embedded-content\"><\/iframe><script type=\"text\/javascript\">\n\/* <![CDATA[ *\/\n\/*! This file is auto-generated *\/\n!function(d,l){\"use strict\";l.querySelector&&d.addEventListener&&\"undefined\"!=typeof URL&&(d.wp=d.wp||{},d.wp.receiveEmbedMessage||(d.wp.receiveEmbedMessage=function(e){var t=e.data;if((t||t.secret||t.message||t.value)&&!\/[^a-zA-Z0-9]\/.test(t.secret)){for(var s,r,n,a=l.querySelectorAll('iframe[data-secret=\"'+t.secret+'\"]'),o=l.querySelectorAll('blockquote[data-secret=\"'+t.secret+'\"]'),c=new RegExp(\"^https?:$\",\"i\"),i=0;i<o.length;i++)o[i].style.display=\"none\";for(i=0;i<a.length;i++)s=a[i],e.source===s.contentWindow&&(s.removeAttribute(\"style\"),\"height\"===t.message?(1e3<(r=parseInt(t.value,10))?r=1e3:~~r<200&&(r=200),s.height=r):\"link\"===t.message&&(r=new URL(s.getAttribute(\"src\")),n=new URL(t.value),c.test(n.protocol))&&n.host===r.host&&l.activeElement===s&&(d.top.location.href=t.value))}},d.addEventListener(\"message\",d.wp.receiveEmbedMessage,!1),l.addEventListener(\"DOMContentLoaded\",function(){for(var e,t,s=l.querySelectorAll(\"iframe.wp-embedded-content\"),r=0;r<s.length;r++)(t=(e=s[r]).getAttribute(\"data-secret\"))||(t=Math.random().toString(36).substring(2,12),e.src+=\"#?secret=\"+t,e.setAttribute(\"data-secret\",t)),e.contentWindow.postMessage({message:\"ready\",secret:t},\"*\")},!1)))}(window,document);\n\/\/# sourceURL=https:\/\/novice.si\/page\/wp-includes\/js\/wp-embed.min.js\n\/* ]]> *\/\n<\/script>\n","thumbnail_url":"https:\/\/novice.si\/page\/wp-content\/uploads\/2023\/01\/naj-os-4_resize.jpg","thumbnail_width":756,"thumbnail_height":700,"description":"Lokalni \u010dasopis Bistri\u0161ke novice \u017ee enajsto leto prireja izbor Naj osebnost leta. V uredni\u0161tvu so v za\u010detku decembra med prispelimi predlogi izbrali osem nominirancev za ta presti\u017eni naslov. Nato so glasovanje prepustili bralcem. Kdo so nominiranci za tokratni izbor? Med nominiranci za naslov Naj osebnost Bistri\u0161kih novic 2022 so: triatlonec in humanitarni delavec Bogomir Dolenc, [&hellip;]"}

Na Bistriškem izbirajo Naj osebnost leta 2022 - Novice.si

<blockquote class="wp-embedded-content" data-secret="TWKNwtvYcW"><a href="https://novice.si/page/na-bistriskem-izbirajo-naj-osebnost-leta-2022/">Na Bistriškem izbirajo Naj osebnost leta 2022</a></blockquote><iframe sandbox="allow-scripts" security="restricted" src="https://novice.si/page/na-bistriskem-izbirajo-naj-osebnost-leta-2022/embed/#?secret=TWKNwtvYcW" width="600" height="338" title="&#8220;Na Bistriškem izbirajo Naj osebnost leta 2022&#8221; &#8212; Novice.si" data-secret="TWKNwtvYcW" frameborder="0" marginwidth="0" marginheight="0" scrolling="no" class="wp-embedded-content"></iframe><script type="text/javascript">
/* <![CDATA[ */
/*! This file is auto-generated */
!function(d,l){"use strict";l.querySelector&&d.addEventListener&&"undefined"!=typeof URL&&(d.wp=d.wp||{},d.wp.receiveEmbedMessage||(d.wp.receiveEmbedMessage=function(e){var t=e.data;if((t||t.secret||t.message||t.value)&&!/[^a-zA-Z0-9]/.test(t.secret)){for(var s,r,n,a=l.querySelectorAll('iframe[data-secret="'+t.secret+'"]'),o=l.querySelectorAll('blockquote[data-secret="'+t.secret+'"]'),c=new RegExp("^https?:$","i"),i=0;i<o.length;i++)o[i].style.display="none";for(i=0;i<a.length;i++)s=a[i],e.source===s.contentWindow&&(s.removeAttribute("style"),"height"===t.message?(1e3<(r=parseInt(t.value,10))?r=1e3:~~r<200&&(r=200),s.height=r):"link"===t.message&&(r=new URL(s.getAttribute("src")),n=new URL(t.value),c.test(n.protocol))&&n.host===r.host&&l.activeElement===s&&(d.top.location.href=t.value))}},d.addEventListener("message",d.wp.receiveEmbedMessage,!1),l.addEventListener("DOMContentLoaded",function(){for(var e,t,s=l.querySelectorAll("iframe.wp-embedded-content"),r=0;r<s.length;r++)(t=(e=s[r]).getAttribute("data-secret"))||(t=Math.random().toString(36).substring(2,12),e.src+="#?secret="+t,e.setAttribute("data-secret",t)),e.contentWindow.postMessage({message:"ready",secret:t},"*")},!1)))}(window,document);
//# sourceURL=https://novice.si/page/wp-includes/js/wp-embed.min.js
/* ]]> */
</script>

Lokalni časopis Bistriške novice že enajsto leto prireja izbor Naj osebnost leta. V uredništvu so v začetku decembra med prispelimi predlogi izbrali osem nominirancev za ta prestižni naslov. Nato so glasovanje prepustili bralcem. Kdo so nominiranci za tokratni izbor? Med nominiranci za naslov Naj osebnost Bistriških novic 2022 so: triatlonec in humanitarni delavec Bogomir Dolenc, [&hellip;]
