{"version":"1.0","provider_name":"Novice.si","provider_url":"https:\/\/novice.si\/page","title":"Mladi ne vidijo perspektive v kmetovanju - Novice.si","type":"rich","width":600,"height":338,"html":"<blockquote class=\"wp-embedded-content\" data-secret=\"XojNUJBqnT\"><a href=\"https:\/\/novice.si\/page\/mladi-ne-vidijo-perspektive-v-kmetovanju\/\">Mladi ne vidijo perspektive v kmetovanju<\/a><\/blockquote><iframe sandbox=\"allow-scripts\" security=\"restricted\" src=\"https:\/\/novice.si\/page\/mladi-ne-vidijo-perspektive-v-kmetovanju\/embed\/#?secret=XojNUJBqnT\" width=\"600\" height=\"338\" title=\"&#8220;Mladi ne vidijo perspektive v kmetovanju&#8221; &#8212; Novice.si\" data-secret=\"XojNUJBqnT\" frameborder=\"0\" marginwidth=\"0\" marginheight=\"0\" scrolling=\"no\" class=\"wp-embedded-content\"><\/iframe><script type=\"text\/javascript\">\n\/* <![CDATA[ *\/\n\/*! This file is auto-generated *\/\n!function(d,l){\"use strict\";l.querySelector&&d.addEventListener&&\"undefined\"!=typeof URL&&(d.wp=d.wp||{},d.wp.receiveEmbedMessage||(d.wp.receiveEmbedMessage=function(e){var t=e.data;if((t||t.secret||t.message||t.value)&&!\/[^a-zA-Z0-9]\/.test(t.secret)){for(var s,r,n,a=l.querySelectorAll('iframe[data-secret=\"'+t.secret+'\"]'),o=l.querySelectorAll('blockquote[data-secret=\"'+t.secret+'\"]'),c=new RegExp(\"^https?:$\",\"i\"),i=0;i<o.length;i++)o[i].style.display=\"none\";for(i=0;i<a.length;i++)s=a[i],e.source===s.contentWindow&&(s.removeAttribute(\"style\"),\"height\"===t.message?(1e3<(r=parseInt(t.value,10))?r=1e3:~~r<200&&(r=200),s.height=r):\"link\"===t.message&&(r=new URL(s.getAttribute(\"src\")),n=new URL(t.value),c.test(n.protocol))&&n.host===r.host&&l.activeElement===s&&(d.top.location.href=t.value))}},d.addEventListener(\"message\",d.wp.receiveEmbedMessage,!1),l.addEventListener(\"DOMContentLoaded\",function(){for(var e,t,s=l.querySelectorAll(\"iframe.wp-embedded-content\"),r=0;r<s.length;r++)(t=(e=s[r]).getAttribute(\"data-secret\"))||(t=Math.random().toString(36).substring(2,12),e.src+=\"#?secret=\"+t,e.setAttribute(\"data-secret\",t)),e.contentWindow.postMessage({message:\"ready\",secret:t},\"*\")},!1)))}(window,document);\n\/\/# sourceURL=https:\/\/novice.si\/page\/wp-includes\/js\/wp-embed.min.js\n\/* ]]> *\/\n<\/script>\n","thumbnail_url":"https:\/\/novice.si\/page\/wp-content\/uploads\/2023\/05\/izpostavljeno-kmetijstvo-v-celju-1166-foto-uros-urlep.jpg","thumbnail_width":709,"thumbnail_height":473,"description":"Skoraj 43 % kmetij le\u017ei na obmo\u010djih s te\u017ejimi naravnimi dejavniki za kmetovanje. \u0160tevilo kmetij pa v Celju ostaja dokaj konstantno. Zaradi nezadovoljstva, vrste zahtev do kmetov in pere\u010dih te\u017eav v kmetijstvu je Sindikat kmetov Slovenije \u017ee v marcu organiziral opozorilni protestni shod. Kak\u0161no pa je trenutno stanje v kmetijstvu v Celju? Te\u017eave kmetov Kot [&hellip;]"}

Skoraj 43 % kmetij leži na območjih s težjimi naravnimi dejavniki za kmetovanje. Število kmetij pa v Celju ostaja dokaj konstantno. Zaradi nezadovoljstva, vrste zahtev do kmetov in perečih težav v kmetijstvu je Sindikat kmetov Slovenije že v marcu organiziral opozorilni protestni shod. Kakšno pa je trenutno stanje v kmetijstvu v Celju? Težave kmetov Kot [&hellip;]
