{"version":"1.0","provider_name":"Novice.si","provider_url":"https:\/\/novice.si\/page","title":"Evropski teden mobilnosti v Celju - Novice.si","type":"rich","width":600,"height":338,"html":"<blockquote class=\"wp-embedded-content\" data-secret=\"4dYVuqUvR4\"><a href=\"https:\/\/novice.si\/page\/evropski-teden-mobilnosti-v-celju\/\">Evropski teden mobilnosti v Celju<\/a><\/blockquote><iframe sandbox=\"allow-scripts\" security=\"restricted\" src=\"https:\/\/novice.si\/page\/evropski-teden-mobilnosti-v-celju\/embed\/#?secret=4dYVuqUvR4\" width=\"600\" height=\"338\" title=\"&#8220;Evropski teden mobilnosti v Celju&#8221; &#8212; Novice.si\" data-secret=\"4dYVuqUvR4\" frameborder=\"0\" marginwidth=\"0\" marginheight=\"0\" scrolling=\"no\" class=\"wp-embedded-content\"><\/iframe><script type=\"text\/javascript\">\n\/* <![CDATA[ *\/\n\/*! This file is auto-generated *\/\n!function(d,l){\"use strict\";l.querySelector&&d.addEventListener&&\"undefined\"!=typeof URL&&(d.wp=d.wp||{},d.wp.receiveEmbedMessage||(d.wp.receiveEmbedMessage=function(e){var t=e.data;if((t||t.secret||t.message||t.value)&&!\/[^a-zA-Z0-9]\/.test(t.secret)){for(var s,r,n,a=l.querySelectorAll('iframe[data-secret=\"'+t.secret+'\"]'),o=l.querySelectorAll('blockquote[data-secret=\"'+t.secret+'\"]'),c=new RegExp(\"^https?:$\",\"i\"),i=0;i<o.length;i++)o[i].style.display=\"none\";for(i=0;i<a.length;i++)s=a[i],e.source===s.contentWindow&&(s.removeAttribute(\"style\"),\"height\"===t.message?(1e3<(r=parseInt(t.value,10))?r=1e3:~~r<200&&(r=200),s.height=r):\"link\"===t.message&&(r=new URL(s.getAttribute(\"src\")),n=new URL(t.value),c.test(n.protocol))&&n.host===r.host&&l.activeElement===s&&(d.top.location.href=t.value))}},d.addEventListener(\"message\",d.wp.receiveEmbedMessage,!1),l.addEventListener(\"DOMContentLoaded\",function(){for(var e,t,s=l.querySelectorAll(\"iframe.wp-embedded-content\"),r=0;r<s.length;r++)(t=(e=s[r]).getAttribute(\"data-secret\"))||(t=Math.random().toString(36).substring(2,12),e.src+=\"#?secret=\"+t,e.setAttribute(\"data-secret\",t)),e.contentWindow.postMessage({message:\"ready\",secret:t},\"*\")},!1)))}(window,document);\n\/\/# sourceURL=https:\/\/novice.si\/page\/wp-includes\/js\/wp-embed.min.js\n\/* ]]> *\/\n<\/script>\n","thumbnail_url":"https:\/\/novice.si\/page\/wp-content\/uploads\/2023\/09\/reportaza-evropski-teden-mobilnosti-poligon.jpg","thumbnail_width":1310,"thumbnail_height":1073,"description":"Se tudi vam zdi, da je v mestih vse ve\u010d elektri\u010dnih skirojev, koles ter drugih trajnostnih prevoznih sredstev in vse manj avtomobilov? Prav imate! Vsa mesta se namre\u010d trudijo, da bi iz centra pregnala avtomobile, prostor pa pridobila trajnostnim prevoznim sredstvom. Prav ta teza je tudi sredi\u0161\u010de leto\u0161njega Evropskega tedna mobilnosti (ETM), ki se je [&hellip;]"}

Se tudi vam zdi, da je v mestih vse več električnih skirojev, koles ter drugih trajnostnih prevoznih sredstev in vse manj avtomobilov? Prav imate! Vsa mesta se namreč trudijo, da bi iz centra pregnala avtomobile, prostor pa pridobila trajnostnim prevoznim sredstvom. Prav ta teza je tudi središče letošnjega Evropskega tedna mobilnosti (ETM), ki se je [&hellip;]
