{"version":"1.0","provider_name":"Novice.si","provider_url":"https:\/\/novice.si\/page","title":"CELJE Zapletlo se je tudi pri Trenti - Novice.si","type":"rich","width":600,"height":338,"html":"<blockquote class=\"wp-embedded-content\" data-secret=\"N66wT7I60n\"><a href=\"https:\/\/novice.si\/page\/celje-zapletlo-se-je-tudi-pri-trenti\/\">CELJE Zapletlo se je tudi pri Trenti<\/a><\/blockquote><iframe sandbox=\"allow-scripts\" security=\"restricted\" src=\"https:\/\/novice.si\/page\/celje-zapletlo-se-je-tudi-pri-trenti\/embed\/#?secret=N66wT7I60n\" width=\"600\" height=\"338\" title=\"&#8220;CELJE Zapletlo se je tudi pri Trenti&#8221; &#8212; Novice.si\" data-secret=\"N66wT7I60n\" frameborder=\"0\" marginwidth=\"0\" marginheight=\"0\" scrolling=\"no\" class=\"wp-embedded-content\"><\/iframe><script type=\"text\/javascript\">\n\/* <![CDATA[ *\/\n\/*! This file is auto-generated *\/\n!function(d,l){\"use strict\";l.querySelector&&d.addEventListener&&\"undefined\"!=typeof URL&&(d.wp=d.wp||{},d.wp.receiveEmbedMessage||(d.wp.receiveEmbedMessage=function(e){var t=e.data;if((t||t.secret||t.message||t.value)&&!\/[^a-zA-Z0-9]\/.test(t.secret)){for(var s,r,n,a=l.querySelectorAll('iframe[data-secret=\"'+t.secret+'\"]'),o=l.querySelectorAll('blockquote[data-secret=\"'+t.secret+'\"]'),c=new RegExp(\"^https?:$\",\"i\"),i=0;i<o.length;i++)o[i].style.display=\"none\";for(i=0;i<a.length;i++)s=a[i],e.source===s.contentWindow&&(s.removeAttribute(\"style\"),\"height\"===t.message?(1e3<(r=parseInt(t.value,10))?r=1e3:~~r<200&&(r=200),s.height=r):\"link\"===t.message&&(r=new URL(s.getAttribute(\"src\")),n=new URL(t.value),c.test(n.protocol))&&n.host===r.host&&l.activeElement===s&&(d.top.location.href=t.value))}},d.addEventListener(\"message\",d.wp.receiveEmbedMessage,!1),l.addEventListener(\"DOMContentLoaded\",function(){for(var e,t,s=l.querySelectorAll(\"iframe.wp-embedded-content\"),r=0;r<s.length;r++)(t=(e=s[r]).getAttribute(\"data-secret\"))||(t=Math.random().toString(36).substring(2,12),e.src+=\"#?secret=\"+t,e.setAttribute(\"data-secret\",t)),e.contentWindow.postMessage({message:\"ready\",secret:t},\"*\")},!1)))}(window,document);\n\/\/# sourceURL=https:\/\/novice.si\/page\/wp-includes\/js\/wp-embed.min.js\n\/* ]]> *\/\n<\/script>\n","thumbnail_url":"https:\/\/novice.si\/page\/wp-content\/uploads\/2023\/05\/Jansa-31maj23-1-scaled.jpg","thumbnail_width":2560,"thumbnail_height":1352,"description":"Niti dve leti po predvidenem za\u010detku \u0161e ni stekla glavna obravnava v zadevi Trenta, kjer so se pod obto\u017ebo o spornem kup\u010dkanju z zemlji\u0161\u010di na za\u0161\u010ditenem obmo\u010dju nacionalnega parka zna\u0161li prvak SDS Janez Jan\u0161a, ob njem pa \u0161e nekdanji direktor Energogradenj Klemen Gantar (na sliki levo) in nekdanji predsednik uprave Imosa Branko Kastelic. Obramba je [&hellip;]"}

Niti dve leti po predvidenem začetku še ni stekla glavna obravnava v zadevi Trenta, kjer so se pod obtožbo o spornem kupčkanju z zemljišči na zaščitenem območju nacionalnega parka znašli prvak SDS Janez Janša, ob njem pa še nekdanji direktor Energogradenj Klemen Gantar (na sliki levo) in nekdanji predsednik uprave Imosa Branko Kastelic. Obramba je [&hellip;]
