{"version":"1.0","provider_name":"Novice.si","provider_url":"https:\/\/novice.si\/page","title":"CELJE Kako bodo od jutri protestirali sodniki? - Novice.si","type":"rich","width":600,"height":338,"html":"<blockquote class=\"wp-embedded-content\" data-secret=\"KwBBqUB4wx\"><a href=\"https:\/\/novice.si\/page\/celje-kako-bodo-jutri-protestirali-sodniki\/\">CELJE Kako bodo od jutri protestirali sodniki?<\/a><\/blockquote><iframe sandbox=\"allow-scripts\" security=\"restricted\" src=\"https:\/\/novice.si\/page\/celje-kako-bodo-jutri-protestirali-sodniki\/embed\/#?secret=KwBBqUB4wx\" width=\"600\" height=\"338\" title=\"&#8220;CELJE Kako bodo od jutri protestirali sodniki?&#8221; &#8212; Novice.si\" data-secret=\"KwBBqUB4wx\" frameborder=\"0\" marginwidth=\"0\" marginheight=\"0\" scrolling=\"no\" class=\"wp-embedded-content\"><\/iframe><script type=\"text\/javascript\">\n\/* <![CDATA[ *\/\n\/*! This file is auto-generated *\/\n!function(d,l){\"use strict\";l.querySelector&&d.addEventListener&&\"undefined\"!=typeof URL&&(d.wp=d.wp||{},d.wp.receiveEmbedMessage||(d.wp.receiveEmbedMessage=function(e){var t=e.data;if((t||t.secret||t.message||t.value)&&!\/[^a-zA-Z0-9]\/.test(t.secret)){for(var s,r,n,a=l.querySelectorAll('iframe[data-secret=\"'+t.secret+'\"]'),o=l.querySelectorAll('blockquote[data-secret=\"'+t.secret+'\"]'),c=new RegExp(\"^https?:$\",\"i\"),i=0;i<o.length;i++)o[i].style.display=\"none\";for(i=0;i<a.length;i++)s=a[i],e.source===s.contentWindow&&(s.removeAttribute(\"style\"),\"height\"===t.message?(1e3<(r=parseInt(t.value,10))?r=1e3:~~r<200&&(r=200),s.height=r):\"link\"===t.message&&(r=new URL(s.getAttribute(\"src\")),n=new URL(t.value),c.test(n.protocol))&&n.host===r.host&&l.activeElement===s&&(d.top.location.href=t.value))}},d.addEventListener(\"message\",d.wp.receiveEmbedMessage,!1),l.addEventListener(\"DOMContentLoaded\",function(){for(var e,t,s=l.querySelectorAll(\"iframe.wp-embedded-content\"),r=0;r<s.length;r++)(t=(e=s[r]).getAttribute(\"data-secret\"))||(t=Math.random().toString(36).substring(2,12),e.src+=\"#?secret=\"+t,e.setAttribute(\"data-secret\",t)),e.contentWindow.postMessage({message:\"ready\",secret:t},\"*\")},!1)))}(window,document);\n\/\/# sourceURL=https:\/\/novice.si\/page\/wp-includes\/js\/wp-embed.min.js\n\/* ]]> *\/\n<\/script>\n","thumbnail_url":"https:\/\/novice.si\/page\/wp-content\/uploads\/2024\/01\/prazno-sodisce.jpg","thumbnail_width":2436,"thumbnail_height":2011,"description":"Napovedanega protesta sodnikov zaradi neizvr\u0161itve odlo\u010dbe ustavnega sodi\u0161\u010da naj bi se udele\u017eili vsi okro\u017eni in okrajni sodniki celjskega sodnega okro\u017eja. Protest se za\u010dne jutri zjutraj in naj bi predvidoma trajal dva tedna. Kot so nam navedli v\u00a0uradu predsednice sodi\u0161\u010da Petre Giacomelli, je po dobrem desetletju konec tudi njihove potrpe\u017eljivosti, pro\u0161enj in opozoril, predvsem pa neizpolnjenih [&hellip;]"}

Napovedanega protesta sodnikov zaradi neizvršitve odločbe ustavnega sodišča naj bi se udeležili vsi okrožni in okrajni sodniki celjskega sodnega okrožja. Protest se začne jutri zjutraj in naj bi predvidoma trajal dva tedna. Kot so nam navedli v uradu predsednice sodišča Petre Giacomelli, je po dobrem desetletju konec tudi njihove potrpežljivosti, prošenj in opozoril, predvsem pa neizpolnjenih [&hellip;]
